 + 12. Let q(j) = k(j) + 5*r(j). Determine q(i).
1
Let h be -1*12/(-9)*-6. Let y(z) = -z**2 - 8*z - 5. What is y(h)?
-5
Let u(r) = 3*r**2 + 19*r + 3. Let t(j) = -2*j**2 - 10*j - 1. Let s(b) = 5*t(b) + 3*u(b). Let n be (4 - (1 - 9))*2/4. What is s(n)?
10
Let f = -16 + 21. Let l(a) be the second derivative of -5/2*a**2 + 0 + a**3 - 1/2*a**4 + 1/20*a**5 - 2*a. Give l(f).
0
Let k(j) = -j**3 + 5*j**2 - 3*j - 2. Suppose 3*l - 7 = -n, n - 3*n - 4*l + 10 = 0. Suppose 13 = 3*o + n. Suppose 3*m = 5*s - m, -11 = -o*s + m. Give k(s).
2
Suppose -4*f = t + 25, -19*f + 16*f = 3*t + 30. Let w(z) = 7*z**2 - 3*z + 17. Let n(x) = 3*x**2 - 2*x + 8. Let v(j) = 9*n(j) - 4*w(j). Give v(f).
9
Let o(j) = -6 + 7 - 1 - j + 7. Calculate o(3).
4
Let k(j) be the first derivative of j**4/12 - 3*j**2/2 + 2*j + 3. Let n(l) be the first derivative of k(l). Determine n(-3).
6
Let j be (1 + -6)*8/20. Let b(d) = -4*d - 2. Give b(j).
6
Let v be (3/5)/(21/70). Let h(l) = 2*l**3 - 2*l**2 - 3*l + 2. Determine h(v).
4
Let t(z) = 3*z**3 - z**2. Let k = 10 + 2. Suppose 4*h + 4*w - 2*w - 2 = 0, 3*w - k = 3*h. Give t(h).
-4
Let y(p) = 2 + 2 + 4*p - 3*p. Let q(o) = o**2 - o + 2. Suppose -5*n + 2*n + 6 = 0. Let l be q(n). What is y(l)?
8
Suppose -12 = 3*n - n. Let x = 0 + n. Let r = x - -3. Let v(s) = s**3 + 2*s**2 + 4. What is v(r)?
-5
Let v(r) = -12*r - 21. Let q be v(-2). Let n(j) = 2*j + 3. Give n(q).
9
Suppose -5*u = -32 + 2. Let v(o) = -u*o**2 + o**3 + 9 - 19*o + 26*o + 13*o**2. Calculate v(-6).
3
Suppose -30 = -4*x - 5*p, -6*x + 2*p + 16 = -2*x. Let u(z) = 1 + 75*z - 23*z - z**3 - 33*z - 26*z + 6*z**2. Calculate u(x).
-9
Suppose 4*t = -4*l + 9 - 1, 0 = t + 1. Let a(f) = f**3 - 2*f**2 + 2*f + 3. Give a(l).
18
Suppose 2*m - 38 = -0*m. Suppose m = 2*r - 21. Suppose -r = 3*h + h. Let z(y) = -y**3 - 6*y**2 - 6*y - 6. What is z(h)?
-1
Let t = 5 - 2. Let s(g) be the third derivative of g**6/120 - g**5/15 + g**4/12 - g**3/6 - 55*g**2. What is s(t)?
-4
Let o = 0 + 0. Let c = 6 - o. Let f(t) = -4*t**2 + 2 - 4*t + 2*t**3 + c*t**2 - t**3. Give f(2).
10
Suppose 3*f - 15 = -3*m, 0 = 3*m + 2*f - 0*f - 12. Let y(l) = l - m + 0*l + 1 + 4. What is y(-3)?
0
Let m(s) be the third derivative of s**4/4 + s**3/6 - s**2. Suppose 3*j + 6 = -3*x, 39*x - 40*x - 3*j - 4 = 0. Determine m(x).
-5
Let n(s) = 3*s - 3. Let p = 9 + -6. Let w(b) = -4*b + 4. Let z(i) = p*n(i) + 2*w(i). What is z(-5)?
-6
Suppose -c = -8*c - 14. Let h(k) = -k**3 - k**2 - 2. Calculate h(c).
2
Let q(j) = j + 2*j - 4*j - 9. Suppose -y - 3 = 0, 0 = -4*n + 5*y + 2 + 13. Suppose n = -9*c + 6*c. Determine q(c).
-9
Suppose y - 5*x + 9 = 0, -3*y - 4*x = -2*y - 9. Let n = y + 3. Suppose 3*r = -n*t + 2*r - 20, 4*r + 15 = -3*t. Let c(k) = k**3 + 6*k**2 + 6*k + 6. What is c(t)?
1
Let b(s) = -1 + 0 + s - 5. Suppose 5*f - 3*h = 13, -f + h = -2*h - 5. Suppose 5*i = k + 5, i - 12 = -4*k + f*k. Give b(k).
-1
Let g(q) = 17*q**3 + q - 2. Let o be g(1). Let x = o - 18. Let l(a) = 2*a + 3. Give l(x).
-1
Let v be (0 + 0)/(-3) - -5. Let y(j) = -6 + j**2 + 0 - 5*j + 3*j. What is y(v)?
9
Let z(q) = q - 4. Let d(v) = v**3 + 4*v**2 + v + 9. Let o be d(-4). Give z(o).
1
Suppose -9*f + 6*f + 12 = -3*w, w = -5*f + 14. Let d(u) be the first derivative of u**4/4 - 4*u**3/3 - u - 1. Give d(f).
-10
Suppose 4*f + 1 = -b + f, 2*b - 4*f = 8. Let u(t) = -b*t**2 - 3*t + 3*t - t + 7*t. What is u(4)?
-8
Suppose -12 = -4*c - 2*c. Suppose 2*z + 8 = 0, 5*g - 4*g - 2*z - 11 = 0. Let r(q) = -2*q**2 - q - 1 + q**3 - g*q + c*q. Determine r(3).
2
Let w(x) = x**2 + 6*x + 8. Let t = 79 + -85. Calculate w(t).
8
Let i(o) be the third derivative of -1/3*o**3 + o**2 - 1/60*o**5 - 7/24*o**4 + 0*o + 0. What is i(-6)?
4
Suppose t - 1 = -y + 3, -13 = 3*y - 2*t. Let d be y/6 - 25/(-6). Suppose -2 + d = -b - 2*u, 0 = -2*b + u - 14. Let o(q) = q**2 + 7*q + 9. Calculate o(b).
3
Let b(r) be the first derivative of r**3/3 + 3*r**2 + 5*r + 15. What is b(-4)?
-3
Suppose 5*s - 6 = 2*s. Suppose -4 = s*f - 16. Let m(d) = d**2 - 5*d - 2. Give m(f).
4
Let q(w) be the first derivative of 13*w**3/3 + w**2 - w + 47. Give q(1).
14
Let n(q) be the first derivative of -q**3/3 - 4*q**2 - 8*q - 6. Determine n(-7).
-1
Let m = -9 + 20. Let j = m - 12. Let n(c) = 5*c**3 + 1. Give n(j).
-4
Let b(y) = 2*y + 4. Let r(q) = -3*q - 8. Let w(g) = -5*b(g) - 3*r(g). Let u be -1 + 1 + 3*2. Calculate w(u).
-2
Let v(t) be the first derivative of t**3/3 - t**2/2 - 5*t - 1. Let g be (5 + -5)/(-1 - 2). What is v(g)?
-5
Let s(o) = o**3 + 7*o**2 + 5*o - 1. Suppose 5*l = -14 - 1. Let x be (5 - 9)*l/(-2). Give s(x).
5
Let f(n) = -n**3 - 7*n**2 + 7*n + 10. Let y be 9/3*(-16)/6. Give f(y).
18
Suppose 0*z - 3 = -z. Suppose z = -3*a - 9. Let q(c) = -c - 4*c**2 - c + 3*c**2. Give q(a).
-8
Let a(j) be the third derivative of -j**4/24 - 2*j**2. Determine a(-5).
5
Let c(s) = 2*s**3 + 29*s**2 + 7*s - 24. Let f(l) = l**3 + 14*l**2 + 4*l - 12. Let v(x) = 4*c(x) - 9*f(x). Calculate v(-9).
3
Let c(g) = -5*g + 5. Let s(d) = -d + 1. Let q(h) = 2*c(h) - 9*s(h). Suppose 8 = y + 3*y. What is q(y)?
-1
Suppose 36 = 7*f - 3*f. Suppose f = -11*a + 14*a. Let x(k) = -3*k - 1. Determine x(a).
-10
Let n be (-2 + (-4)/(-6))*(-27)/(-6). Let w(c) = c**3 + 7*c**2 + 7*c + 9. Give w(n).
3
Let u = 2 + 2. Suppose -9 = q - u*q. Let a(k) be the first derivative of -k**2/2 - k + 1. Calculate a(q).
-4
Let f = 89 + -86. Let a(j) = -2*j + 1. Calculate a(f).
-5
Let d(a) = -16*a**3 - 19*a**2 + 11*a - 15. Let c(g) = 3*g**3 + 4*g**2 - 2*g + 3. Suppose -29 = -3*k + 4. Let z(s) = k*c(s) + 2*d(s). Calculate z(-6).
3
Let c be (-4 + -1)/((-2)/(-2)). Let g(n) = 0*n**2 + 61*n - 69*n - n**2 - 5. Give g(c).
10
Let q(g) = -g**3 + 8*g**2 - g + 3. Let b be q(8). Let h(m) = -m**2 - m + 7. What is h(b)?
-13
Let s(k) = k**3 - k**2. Let c(r) = 17*r**3 - 3*r**2 - r. Let m(g) = -c(g) + 4*s(g). Give m(1).
-13
Let s(b) = -3*b**3 - b**2. Let w be s(-1). Let u(h) = 0*h - w - 2*h**2 + h**3 + 6*h - 3*h**3 - 5*h. Give u(-2).
4
Let d = 32 + -24. Let u = d - 3. Let a(k) = -5*k**3 + 2*k**2 - 5*k + 2. Let y(x) = 9*x**3 - 5*x**2 + 10*x - 5. Let o(m) = 7*a(m) + 4*y(m). What is o(u)?
-6
Let g be (-62)/(-10) + (-2)/10. Let n(y) = -y**3 + 5*y**2 + 6*y + 7. Determine n(g).
7
Let x(i) = i - 2. Let m(n) = 2*n - 3. Let o(k) = -2*m(k) + 3*x(k). Let r be 0*((154/4)/(-7) - -5). Give o(r).
0
Let i = 17 - 8. Let v(a) = -a + 10. Let n be v(i). Let y(o) = 6*o**2 - 1. Determine y(n).
5
Let a = 26 - 30. Let k(y) = -y**2 - 2*y + 5. Give k(a).
-3
Let n be (-3)/6 - (-15)/6. Let b(a) = 0 + 6*a**n - 11*a**2 + 1. Calculate b(1).
-4
Let t(s) = -s - 8. Let w(a) = -5*a - 39. Let o(j) = -11*t(j) + 2*w(j). Give o(-7).
3
Let g(r) = r**2 + 10*r - 2. Suppose -5*l + 13 = 53. Give g(l).
-18
Suppose -3*n - 5*l = -100, -l = 5*n - 0*l - 130. Suppose 4*k - n = -k. Let z(o) = 3*o - 6. Calculate z(k).
9
Let z(f) = -f**3 - 4*f**2 + 2*f + 4. Suppose 0 = -3*k + 2*d + 3*d - 27, -k + 2*d - 10 = 0. Let c be z(k). Let i(s) = -s**2 - 5*s - 4. Determine i(c).
0
Let p(j) = 2*j - 5. Let d(c) = -c**2 - 20*c - 15. Let x(i) = -i**2 - 19*i - 14. Let l(q) = -5*d(q) + 6*x(q). Let r be l(-13). Give p(r).
3
Let h(q) = -9*q + 4*q + q. What is h(-2)?
8
Let k = -6 + 7. Let z(w) = -2*w + 0*w**3 - k - w**2 - 2*w**3 - 5*w**3. Let q(n) = -n - 1. Let i be q(0). Determine z(i).
7
Let u(n) be the third derivative of -n**6/120 + n**5/30 + n**4/12 + n**2. Suppose -11 = -v + 2*p, 4*v + 0*p - 32 = 5*p. Calculate u(v).
-3
Let c = -16 - -10. Let g(t) = -t**3 - 6*t**2 - t + 5. Let a be g(c). Let f(l) = 3*l. Let r(d) = 8*d - 1. Let b(w) = a*f(w) - 4*r(w). What is b(-5)?
-1
Let k(w) = 2*w**2 - 2*w + 1. Suppose 3*n = -n. Suppose n = p - 2*p + 2. Determine k(p).
5
Let k(d) = -224*d - 4*d**2 + 5*d**2 - 3 + 227*d. What is k(-6)?
15
Let q(s) be the second derivative of s - 2/3*s**3 + 1/12*s**4 + 0 + 1/2*s**2. Give q(2).
-3
Let h = 1 + -1. Let f be (h - -2) + -4*2. Let z(s) = 2*s + 9. Calculate z(f).
-3
Suppose -4*v - 37 = -0*j + 3*j, -5*v - 52 = -2*j. Let f = v - -10. Let l(n) = 3 + f - n - 3*n - n**3 - 2 - 6*n**2. Give l(-5).
-4
Suppose 4*t + 1 = -3. Let m = t + -5. Let i(x) = -x**2 - 7*x - 5. Calculate i(m).
1
Suppose 121 = 6*i - 281. Let x(f) = -f**2 - 7*f**3 + 66*f + 1 - i*f - 2. Calculate x(-1).
6
Let c(v) = v - 4. Suppose -2*w + 6 = 24. Let p be 2/(-9) - 29/w. Determine c(p).
-1
Le